factor of 43 and u.
43
Suppose -1712*b = -1718*b + 288. What is the highest common factor of b and 1584?
48
Suppose -21 = -4*d + 3*d - 3*r, d + 4*r - 25 = 0. Let t = d + 23. Calculate the highest common divisor of t and 80.
16
Let w be 15 + -6*(-3)/(-6). Let u = 70 - 34. What is the greatest common factor of u and w?
12
Let f be (381/(-12) - 19/76)/(-2). What is the highest common factor of f and 48?
16
Let s be 46 + -49 - -1*14. Calculate the greatest common divisor of s and 275.
11
Let t be (48/(-20))/(9/(-150)). Suppose 2 + 0 = d. Suppose -j - j + d*m = -36, -3*j + 46 = m. Calculate the highest common divisor of t and j.
8
Suppose -2*g + 2 = -0, 5*g = 5*h - 5025. Suppose -298 = 5*t + 4*i - h, 556 = 4*t - 2*i. What is the greatest common factor of 20 and t?
20
Let s(w) = -21*w + 169. Let n be s(8). Calculate the highest common divisor of n and 16.
1
Let q be 0 + -8 + 5 + 5 - -40. Calculate the greatest common divisor of 28 and q.
14
Let l = -1320 - -1600. Calculate the highest common factor of l and 80.
40
Let f(d) = -d**3 + 13*d**2 + 2*d - 56. Let a be f(11). Calculate the highest common divisor of a and 112.
16
Let y(v) = -2*v**3 - 13*v + 14*v + 4*v**2 + v**3 + 1. Let u be y(3). Suppose -9 = 4*k - u. What is the highest common factor of k and 1?
1
Suppose -520 = -4*k + 2*i, -4*i - 7 - 9 = 0. Calculate the greatest common divisor of 416 and k.
32
Suppose -153*k = -125*k - 1008. Let i(j) = 3*j - 9. Let m be i(6). What is the greatest common divisor of m and k?
9
Let d be (-8)/4 - (-492)/(-4). Let w = -89 - d. Calculate the greatest common factor of 4 and w.
4
Suppose 0 = -5*i + 21 - 11. Let d be 33*(-4)/(i - 6). Calculate the highest common factor of 264 and d.
33
Let m(s) = 4*s**2 + 33*s + 10. Let i be m(-32). What is the greatest common factor of 122 and i?
122
Let t be 0 - (-117)/(-6)*(-20)/15. Let d(p) = 3*p**2 - 8*p + 44. Let c be d(6). Calculate the highest common factor of t and c.
26
Suppose -81 = 17*r - 268. Suppose -4*s - 6 = -14. Suppose z - b = 10, -2*z - s*z + 2*b = -42. What is the highest common factor of z and r?
11
Let n(z) = 6*z**2 + 20*z + 25. Let t be n(-6). Calculate the highest common factor of t and 22.
11
Let i be -2 + 0 - 12/(-6). Let d be i/3 - (1 - 21). What is the greatest common factor of d and 100?
20
Let a be (-6)/((-30)/535)*1. What is the highest common divisor of a and 963?
107
Let u(g) be the third derivative of g**4/8 - 17*g**3/6 + 16*g**2. Let b be u(9). What is the greatest common divisor of b and 10?
10
Let q(n) = n**2 + 4*n. Let i be q(-6). Suppose y + l - 5*l - 32 = 0, 3*l + 39 = 2*y. Calculate the highest common factor of i and y.
12
Suppose -4*c = 2*o - 270, -8*o = -5*o - c - 433. Let a(j) = -j**2 - 7*j + 5. Let f be a(-6). What is the highest common factor of o and f?
11
Let y be (570/40)/((-3)/(-36)). What is the greatest common factor of 304 and y?
19
Let g(u) = -12*u + 6. Let j be g(-3). Calculate the highest common factor of j and 273.
21
Let s be (-19917)/(-30) + 28/280. What is the greatest common factor of s and 24?
8
Let t be (-626)/(-10) - 6*12/120. Calculate the greatest common divisor of t and 93.
31
Suppose -5*o + 5*u = -230, -19*o - 3*u = -21*o + 88. Calculate the highest common factor of o and 50.
50
Let o(d) = -d**3 - 6*d**2 + 8*d - 9. Let p be o(-7). Let a be (1 - 1 - 3)/(3/p). What is the greatest common factor of 2 and a?
2
Let t(h) = 115*h + 260. Let p be t(4). What is the highest common factor of p and 432?
144
Suppose -5*h + 50 = -0*h. Let r be h/3*39/26. Suppose 0 = -2*a + 2, -2*w + r*a = -6 - 7. What is the greatest common divisor of 72 and w?
9
Let l be 99 + 2 + -5 + 1. Let o = l + -88. Calculate the highest common divisor of o and 153.
9
Let s be (-2 - 21/2)/(3/(-6)). Suppose -62 = -a + s. Let d = -39 - -68. Calculate the greatest common factor of a and d.
29
Let l be 75/10*(-8)/(-10). Let h(q) = q**3 + 12*q**2 + 9*q + 10. Let p be h(-11). Suppose p = l*r - 2*r. Calculate the highest common factor of r and 2.
2
Let f(h) = 8*h - 45. Let c be f(7). What is the greatest common factor of c and 539?
11
Let m(f) = f**3 - 7*f**2 + 2*f + 10. Let j be m(7). Suppose 182*h - 178*h = 144. What is the greatest common factor of h and j?
12
Let b(v) = 3*v**2 + 19*v + 2. Let t be b(-8). Suppose 5*y = 6*y - t. Calculate the highest common factor of y and 21.
21
Suppose -5*x + 3*x + 18 = 0. Suppose -x*n - 34 + 97 = 0. Calculate the highest common divisor of 56 and n.
7
Let s(j) = j**3 - 13*j**2 - 14*j - 16. Let b be s(15). Calculate the highest common divisor of b and 96.
32
Suppose -684 = -3*v + 624. Calculate the highest common divisor of 109 and v.
109
Suppose 916 = 45*w - 2729. What is the greatest common factor of 216 and w?
27
Let h(j) = -j**2 + 13*j - 13. Let k(b) = b - 3. Let f be k(14). Let o be h(f). Calculate the highest common factor of o and 6.
3
Suppose -4*m = -4*g + 2*g, 2*g = 2*m + 2. Let c be 7/7*(g + -2). Suppose c = 6*v - 3*v - 45. What is the greatest common factor of 75 and v?
15
Suppose 0*n - 5*d + 753 = 2*n, -2*d - 6 = 0. Suppose -n = -x - 7*x. Calculate the highest common divisor of 6 and x.
6
Suppose 17*k - 15564 - 2490 = 0. Suppose 10*v - 408 = k. Calculate the highest common divisor of v and 21.
21
Let n = -16 + 5. Let c(f) = f**3 + 12*f**2 + 9*f - 10. Let p be c(n). Let b be -4*p/(-16)*63. Calculate the highest common factor of b and 27.
27
Let a(m) = 2*m + 2. Let h be a(-2). Let g = 317 + -318. Let j be g + h + 80 + -2. Calculate the greatest common factor of j and 15.
15
Let r = 5 - -4. Suppose 20 = -r*c + 14*c. Let j be c/(-14) - (-279)/21. What is the greatest common divisor of 13 and j?
13
Let l be 36/6 + 24 - 3. Calculate the highest common factor of 459 and l.
27
Let f be 99/6 + 2*(-3)/12. What is the highest common factor of f and 4?
4
Let g(x) = x**3 + 11*x**2 - 18*x - 12. Suppose -3*r + 2*r = 12. Let i be g(r). Calculate the greatest common divisor of i and 12.
12
Let u be -1 - (4 - -13)/(-1). Let p be (u/10)/((-14)/(-35)). What is the greatest common factor of p and 44?
4
Let z be (3/(-7)*-8)/(4/1022). What is the greatest common factor of z and 12?
12
Let k = 63 + 23. Let w = -59 + k. Calculate the greatest common divisor of w and 108.
27
Suppose -198*c + 189 = -197*c. Calculate the greatest common factor of c and 81.
27
Let q = -37 + 51. Let d = -13 + 29. Let k(p) = p**3 - 15*p**2 - 12*p + 6. Let g be k(d). What is the greatest common factor of q and g?
14
Let l = 32 - 34. Let n be 90/11 - l/(-11). What is the highest common factor of n and 40?
8
Let i(z) = 66*z + 55. Let y be i(8). Calculate the greatest common factor of 106 and y.
53
Let m be ((-5)/2)/(8/1616). Let n = -296 - m. Suppose 2*r - 6*r + 76 = 0. Calculate the highest common factor of r and n.
19
Let s = 156 + -153. Let i = -16 + 31. What is the highest common divisor of s and i?
3
Let f = 26 - 7. Let l(a) = a**3 - a - 3. Let n be l(2). Let g be (38/4)/(n/42). What is the greatest common factor of f and g?
19
Let k = -88 - 10. Let q = k + 183. Calculate the highest common divisor of 34 and q.
17
Suppose 808*d = 803*d + 930. Calculate the greatest common divisor of d and 6.
6
Let a(n) = -3*n + 1656*n**2 + 0 + 2 - 1655*n**2. Let w be a(6). Calculate the greatest common factor of w and 60.
20
Let u be 2703/27 - (-7)/(-63). Calculate the greatest common divisor of u and 150.
50
Suppose 13*c = 7*c + 108. What is the highest common factor of c and 117?
9
Suppose -4*y + 5*b + 232 + 29 = 0, -3*b = 2*y - 147. Suppose -54 = 66*a - y*a. What is the highest common factor of a and 18?
18
Suppose 2*n - 96 = 5*u, -3*u - u + 16 = 0. Let f = -4310 + 4455. Calculate the highest common divisor of f and n.
29
Let t(x) = -1 + 0 - 15 - 4*x - 6. Let n be t(-6). What is the greatest common factor of 5 and n?
1
Let v = -307 + 321. Calculate the greatest common factor of 1106 and v.
14
Suppose i + 2*y - 417 = 0, -5*i - 6*y + y + 2075 = 0. What is the highest common factor of 59 and i?
59
Suppose -f - 130 = -l, -660 = -4*l - l + 3*f. What is the highest common divisor of l and 15?
15
Let p = -8 + 13. Suppose 4*z - 4*b - 72 = 0, -3*b + 12 = -7*b. Calculate the greatest common divisor of p and z.
5
Let l(m) = -m**2 - 10*m + 759. Let o be l(-29). Calculate the greatest common factor of o and 144.
16
Suppose 39*i =